{"id":2,"date":"2016-11-11T11:56:16","date_gmt":"2016-11-11T11:56:16","guid":{"rendered":"http:\/\/casmal.pt\/home\/?page_id=2"},"modified":"2020-01-07T22:52:58","modified_gmt":"2020-01-07T22:52:58","slug":"sample-page","status":"publish","type":"page","link":"https:\/\/casmal.pt\/home\/","title":{"rendered":"HOME"},"content":{"rendered":"<div id=\"pl-2\"  class=\"panel-layout\" ><div id=\"pg-2-0\"  class=\"panel-grid panel-has-style\" ><div class=\"panel-row-style panel-row-style-for-2-0\" ><div id=\"pgc-2-0-0\"  class=\"panel-grid-cell\" ><div id=\"panel-2-0-0-0\" class=\"so-panel widget widget_sow-slider panel-first-child panel-last-child\" data-index=\"0\" ><div\n\t\t\t\n\t\t\tclass=\"so-widget-sow-slider so-widget-sow-slider-default-6d39609536fd-2\"\n\t\t\t\n\t\t>\t\t\t\t<div class=\"sow-slider-base\" style=\"display: none\" tabindex=\"0\">\n\t\t\t\t\t<ul\n\t\t\t\t\tclass=\"sow-slider-images\"\n\t\t\t\t\tdata-settings=\"{&quot;pagination&quot;:true,&quot;speed&quot;:1000,&quot;timeout&quot;:6000,&quot;paused&quot;:false,&quot;pause_on_hover&quot;:false,&quot;swipe&quot;:true,&quot;nav_always_show_desktop&quot;:&quot;&quot;,&quot;nav_always_show_mobile&quot;:&quot;&quot;,&quot;breakpoint&quot;:&quot;780px&quot;,&quot;unmute&quot;:false,&quot;anchor&quot;:null}\"\n\t\t\t\t\t\t\t\t\t\tdata-anchor-id=\"\"\n\t\t\t\t>\t\t<li class=\"sow-slider-image\" style=\"visibility: visible;\" >\n\t\t\t\t\t\t<img loading=\"lazy\" decoding=\"async\" width=\"1024\" height=\"335\" src=\"https:\/\/casmal.pt\/home\/wp-content\/uploads\/2016\/11\/slider01.jpg\" class=\"sow-slider-background-image\" alt=\"\" style=\"\" srcset=\"https:\/\/casmal.pt\/home\/wp-content\/uploads\/2016\/11\/slider01.jpg 1024w, https:\/\/casmal.pt\/home\/wp-content\/uploads\/2016\/11\/slider01-300x98.jpg 300w, https:\/\/casmal.pt\/home\/wp-content\/uploads\/2016\/11\/slider01-768x251.jpg 768w\" sizes=\"auto, (max-width: 1024px) 100vw, 1024px\" \/>\t\t<\/li>\n\t\t\t\t<li class=\"sow-slider-image\" style=\"visibility: hidden;\" >\n\t\t\t\t\t\t<img loading=\"lazy\" decoding=\"async\" width=\"1024\" height=\"335\" src=\"https:\/\/casmal.pt\/home\/wp-content\/uploads\/2016\/11\/slider02.jpg\" class=\"sow-slider-background-image\" alt=\"\" style=\"\" srcset=\"https:\/\/casmal.pt\/home\/wp-content\/uploads\/2016\/11\/slider02.jpg 1024w, https:\/\/casmal.pt\/home\/wp-content\/uploads\/2016\/11\/slider02-300x98.jpg 300w, https:\/\/casmal.pt\/home\/wp-content\/uploads\/2016\/11\/slider02-768x251.jpg 768w\" sizes=\"auto, (max-width: 1024px) 100vw, 1024px\" \/>\t\t<\/li>\n\t\t\t\t<li class=\"sow-slider-image\" style=\"visibility: hidden;\" >\n\t\t\t\t\t\t<img loading=\"lazy\" decoding=\"async\" width=\"1024\" height=\"335\" src=\"https:\/\/casmal.pt\/home\/wp-content\/uploads\/2016\/11\/slider03.jpg\" class=\"sow-slider-background-image\" alt=\"\" style=\"\" srcset=\"https:\/\/casmal.pt\/home\/wp-content\/uploads\/2016\/11\/slider03.jpg 1024w, https:\/\/casmal.pt\/home\/wp-content\/uploads\/2016\/11\/slider03-300x98.jpg 300w, https:\/\/casmal.pt\/home\/wp-content\/uploads\/2016\/11\/slider03-768x251.jpg 768w\" sizes=\"auto, (max-width: 1024px) 100vw, 1024px\" \/>\t\t<\/li>\n\t\t\t\t<li class=\"sow-slider-image\" style=\"visibility: hidden;\" >\n\t\t\t\t\t\t<img loading=\"lazy\" decoding=\"async\" width=\"1024\" height=\"335\" src=\"https:\/\/casmal.pt\/home\/wp-content\/uploads\/2016\/11\/slider04.jpg\" class=\"sow-slider-background-image\" alt=\"\" style=\"\" srcset=\"https:\/\/casmal.pt\/home\/wp-content\/uploads\/2016\/11\/slider04.jpg 1024w, https:\/\/casmal.pt\/home\/wp-content\/uploads\/2016\/11\/slider04-300x98.jpg 300w, https:\/\/casmal.pt\/home\/wp-content\/uploads\/2016\/11\/slider04-768x251.jpg 768w\" sizes=\"auto, (max-width: 1024px) 100vw, 1024px\" \/>\t\t<\/li>\n\t\t\t\t<li class=\"sow-slider-image\" style=\"visibility: hidden;\" >\n\t\t\t\t\t\t<img loading=\"lazy\" decoding=\"async\" width=\"1024\" height=\"335\" src=\"https:\/\/casmal.pt\/home\/wp-content\/uploads\/2016\/11\/slider05.jpg\" class=\"sow-slider-background-image\" alt=\"\" style=\"\" srcset=\"https:\/\/casmal.pt\/home\/wp-content\/uploads\/2016\/11\/slider05.jpg 1024w, https:\/\/casmal.pt\/home\/wp-content\/uploads\/2016\/11\/slider05-300x98.jpg 300w, https:\/\/casmal.pt\/home\/wp-content\/uploads\/2016\/11\/slider05-768x251.jpg 768w\" sizes=\"auto, (max-width: 1024px) 100vw, 1024px\" \/>\t\t<\/li>\n\t\t\t\t<li class=\"sow-slider-image\" style=\"visibility: hidden;\" >\n\t\t\t\t\t\t<img loading=\"lazy\" decoding=\"async\" width=\"1024\" height=\"335\" src=\"https:\/\/casmal.pt\/home\/wp-content\/uploads\/2016\/11\/slider06.jpg\" class=\"sow-slider-background-image\" alt=\"\" style=\"\" srcset=\"https:\/\/casmal.pt\/home\/wp-content\/uploads\/2016\/11\/slider06.jpg 1024w, https:\/\/casmal.pt\/home\/wp-content\/uploads\/2016\/11\/slider06-300x98.jpg 300w, https:\/\/casmal.pt\/home\/wp-content\/uploads\/2016\/11\/slider06-768x251.jpg 768w\" sizes=\"auto, (max-width: 1024px) 100vw, 1024px\" \/>\t\t<\/li>\n\t\t<\/ul>\t\t\t\t<ol class=\"sow-slider-pagination\">\n\t\t\t\t\t\t\t\t\t\t\t<li><a href=\"#\" data-goto=\"0\" aria-label=\"Display slide 1\"><\/a><\/li>\n\t\t\t\t\t\t\t\t\t\t\t<li><a href=\"#\" data-goto=\"1\" aria-label=\"Display slide 2\"><\/a><\/li>\n\t\t\t\t\t\t\t\t\t\t\t<li><a href=\"#\" data-goto=\"2\" aria-label=\"Display slide 3\"><\/a><\/li>\n\t\t\t\t\t\t\t\t\t\t\t<li><a href=\"#\" data-goto=\"3\" aria-label=\"Display slide 4\"><\/a><\/li>\n\t\t\t\t\t\t\t\t\t\t\t<li><a href=\"#\" data-goto=\"4\" aria-label=\"Display slide 5\"><\/a><\/li>\n\t\t\t\t\t\t\t\t\t\t\t<li><a href=\"#\" data-goto=\"5\" aria-label=\"Display slide 6\"><\/a><\/li>\n\t\t\t\t\t\t\t\t\t<\/ol>\n\n\t\t\t\t<div class=\"sow-slide-nav sow-slide-nav-next\">\n\t\t\t\t\t<a href=\"#\" data-goto=\"next\" aria-label=\"Next slide\" data-action=\"next\">\n\t\t\t\t\t\t<em class=\"sow-sld-icon-thin-right\"><\/em>\n\t\t\t\t\t<\/a>\n\t\t\t\t<\/div>\n\n\t\t\t\t<div class=\"sow-slide-nav sow-slide-nav-prev\">\n\t\t\t\t\t<a href=\"#\" data-goto=\"previous\" aria-label=\"Previous slide\" data-action=\"prev\">\n\t\t\t\t\t\t<em class=\"sow-sld-icon-thin-left\"><\/em>\n\t\t\t\t\t<\/a>\n\t\t\t\t<\/div>\n\t\t\t\t<\/div><\/div><\/div><\/div><\/div><\/div><div id=\"pg-2-1\"  class=\"panel-grid panel-has-style\" ><div class=\"panel-row-style panel-row-style-for-2-1\" ><div id=\"pgc-2-1-0\"  class=\"panel-grid-cell\" ><div id=\"panel-2-1-0-0\" class=\"so-panel widget widget_sow-image panel-first-child panel-last-child\" data-index=\"1\" ><div\n\t\t\t\n\t\t\tclass=\"so-widget-sow-image so-widget-sow-image-default-dbf295114b96-2\"\n\t\t\t\n\t\t><\/div><\/div><\/div><\/div><\/div><div id=\"pg-2-2\"  class=\"panel-grid panel-has-style\" ><div class=\"panel-row-style panel-row-style-for-2-2\" ><div id=\"pgc-2-2-0\"  class=\"panel-grid-cell\" ><div id=\"panel-2-2-0-0\" class=\"so-panel widget widget_black-studio-tinymce widget_black_studio_tinymce panel-first-child panel-last-child\" data-index=\"2\" ><div class=\"textwidget\"><p>.<\/p>\n<\/div><\/div><\/div><\/div><\/div><div id=\"pg-2-3\"  class=\"panel-grid panel-no-style\" ><div id=\"pgc-2-3-0\"  class=\"panel-grid-cell\" ><div id=\"panel-2-3-0-0\" class=\"so-panel widget widget_black-studio-tinymce widget_black_studio_tinymce panel-first-child panel-last-child\" data-index=\"3\" ><div class=\"textwidget\"><p><img loading=\"lazy\" decoding=\"async\" class=\"alignnone size-full wp-image-17\" src=\"https:\/\/casmal.pt\/home\/wp-content\/uploads\/2016\/11\/home_img1.jpg\" alt=\"home_img1\" width=\"210\" height=\"174\" \/><\/p>\n<p style=\"text-align: justify;\"><strong>BEM VINDO \u00c0 CASMAL<\/strong><\/p>\n<p style=\"text-align: justify;\">\u00a0Uma empresa criada recentemente para satisfazer as exig\u00eancias elevadas do nosso mercado. Tem na sua hist\u00f3ria uma Carpintaria\/Mercenaria tradicional, onde o nosso pessoal especializado adquiriu elevados n\u00edveis de conhecimento e experi\u00eancia em fabrica\u00e7\u00e3o e constru\u00e7\u00e3o de casas de madeira para habita\u00e7\u00e3o permanente.<\/p>\n<p style=\"text-align: justify;\">Visite este site e passe a conhecer-nos melhor!<\/p>\n<\/div><\/div><\/div><div id=\"pgc-2-3-1\"  class=\"panel-grid-cell\" ><div id=\"panel-2-3-1-0\" class=\"so-panel widget widget_black-studio-tinymce widget_black_studio_tinymce panel-first-child panel-last-child\" data-index=\"4\" ><div class=\"textwidget\"><p><img loading=\"lazy\" decoding=\"async\" class=\"alignnone size-full wp-image-19\" src=\"https:\/\/casmal.pt\/home\/wp-content\/uploads\/2016\/11\/home_img2.jpg\" alt=\"home_img2\" width=\"210\" height=\"174\" \/><\/p>\n<p><strong>PROJETOS POR MEDIDA<\/strong><\/p>\n<p style=\"text-align: justify;\">Desenvolvemos projetos sob medida com qualidade para os mais diversos ambientes, transformando assim as suas ideias em inova\u00e7\u00f5es, tornando seu protejo \u00fanico e exclusivo.<\/p>\n<\/div><\/div><\/div><div id=\"pgc-2-3-2\"  class=\"panel-grid-cell\" ><div id=\"panel-2-3-2-0\" class=\"so-panel widget widget_black-studio-tinymce widget_black_studio_tinymce panel-first-child panel-last-child\" data-index=\"5\" ><div class=\"textwidget\"><p><img loading=\"lazy\" decoding=\"async\" class=\"alignnone size-full wp-image-20\" src=\"https:\/\/casmal.pt\/home\/wp-content\/uploads\/2016\/11\/home_img3.jpg\" alt=\"home_img3\" width=\"230\" height=\"174\" \/><\/p>\n<p><strong>ENTREGA E MONTAGEM<\/strong><\/p>\n<p style=\"text-align: justify;\">Pomos \u00e0 sua disposi\u00e7\u00e3o profissionais que transportam as suas encomendas \u00e0 morada solicitada (Portugal Continental) e tamb\u00e9m dispomos pessoal especializado em montagem e instala\u00e7\u00e3o.<\/p>\n<\/div><\/div><\/div><div id=\"pgc-2-3-3\"  class=\"panel-grid-cell\" ><div id=\"panel-2-3-3-0\" class=\"so-panel widget widget_nav_menu panel-first-child\" data-index=\"6\" ><h3 class=\"widget-title\">CASAS DE MADEIRA<\/h3><div class=\"menu-modelos-container\"><ul id=\"menu-modelos\" class=\"menu\"><li id=\"menu-item-71\" class=\"menu-item menu-item-type-post_type menu-item-object-page menu-item-71\"><a href=\"https:\/\/casmal.pt\/home\/casas-de-madeira\/\">Casas de Madeira<\/a><\/li>\n<li id=\"menu-item-74\" class=\"menu-item menu-item-type-post_type menu-item-object-page menu-item-74\"><a href=\"https:\/\/casmal.pt\/home\/bungalows\/\">Bungalows<\/a><\/li>\n<li id=\"menu-item-77\" class=\"menu-item menu-item-type-post_type menu-item-object-page menu-item-77\"><a href=\"https:\/\/casmal.pt\/home\/bares-praia-e-restaurantes\/\">Bares de Praia e Restaurantes<\/a><\/li>\n<li id=\"menu-item-80\" class=\"menu-item menu-item-type-post_type menu-item-object-page menu-item-80\"><a href=\"https:\/\/casmal.pt\/home\/estrutras-gan-nail-lameladas\/\">Estruturas de Gang Nail\/Lameladas<\/a><\/li>\n<li id=\"menu-item-83\" class=\"menu-item menu-item-type-post_type menu-item-object-page menu-item-83\"><a href=\"https:\/\/casmal.pt\/home\/reabilitacoes\/\">Reabilita\u00e7\u00f5es<\/a><\/li>\n<li id=\"menu-item-86\" class=\"menu-item menu-item-type-post_type menu-item-object-page menu-item-86\"><a href=\"https:\/\/casmal.pt\/home\/mobiliario-jardim-urbano\/\">Mobili\u00e1rio de Jardim e Urbano<\/a><\/li>\n<li id=\"menu-item-89\" class=\"menu-item menu-item-type-post_type menu-item-object-page menu-item-89\"><a href=\"https:\/\/casmal.pt\/home\/passadicos-pontes-decks\/\">Passadi\u00e7os\/Pontes e Decks<\/a><\/li>\n<li id=\"menu-item-92\" class=\"menu-item menu-item-type-post_type menu-item-object-page menu-item-92\"><a href=\"https:\/\/casmal.pt\/home\/telheiros\/\">Telheiros<\/a><\/li>\n<\/ul><\/div><\/div><div id=\"panel-2-3-3-1\" class=\"so-panel widget widget_black-studio-tinymce widget_black_studio_tinymce panel-last-child\" data-index=\"7\" ><h3 class=\"widget-title\">OR\u00c7AMENTOS<\/h3><div class=\"textwidget\"><p>Para obter mais informa\u00e7\u00f5es sobre os nossos servi\u00e7os, pe\u00e7a j\u00e1 o seu or\u00e7amento sem compromisso atrav\u00e9s do nosso formul\u00e1rio.<\/p>\n<p style=\"text-align: justify;\"><a href=\"https:\/\/casmal.pt\/home\/contactos\/\">Clique aqui...<\/a><\/p>\n<\/div><\/div><\/div><\/div><\/div>","protected":false},"excerpt":{"rendered":"<p>. BEM VINDO \u00c0 CASMAL \u00a0Uma empresa criada recentemente para satisfazer as exig\u00eancias elevadas do nosso mercado. Tem na sua hist\u00f3ria uma Carpintaria\/Mercenaria tradicional, onde o nosso pessoal especializado adquiriu elevados n\u00edveis de conhecimento e experi\u00eancia em fabrica\u00e7\u00e3o e constru\u00e7\u00e3o de casas de madeira para habita\u00e7\u00e3o permanente. Visite este site e passe a conhecer-nos melhor! &#8230; <a title=\"HOME\" class=\"read-more\" href=\"https:\/\/casmal.pt\/home\/\">Ler mais <span class=\"screen-reader-text\">HOME<\/span><\/a><\/p>\n","protected":false},"author":2,"featured_media":0,"parent":0,"menu_order":0,"comment_status":"closed","ping_status":"open","template":"","meta":{"ngg_post_thumbnail":0,"footnotes":""},"class_list":["post-2","page","type-page","status-publish"],"_links":{"self":[{"href":"https:\/\/casmal.pt\/home\/wp-json\/wp\/v2\/pages\/2","targetHints":{"allow":["GET"]}}],"collection":[{"href":"https:\/\/casmal.pt\/home\/wp-json\/wp\/v2\/pages"}],"about":[{"href":"https:\/\/casmal.pt\/home\/wp-json\/wp\/v2\/types\/page"}],"author":[{"embeddable":true,"href":"https:\/\/casmal.pt\/home\/wp-json\/wp\/v2\/users\/2"}],"replies":[{"embeddable":true,"href":"https:\/\/casmal.pt\/home\/wp-json\/wp\/v2\/comments?post=2"}],"version-history":[{"count":19,"href":"https:\/\/casmal.pt\/home\/wp-json\/wp\/v2\/pages\/2\/revisions"}],"predecessor-version":[{"id":754,"href":"https:\/\/casmal.pt\/home\/wp-json\/wp\/v2\/pages\/2\/revisions\/754"}],"wp:attachment":[{"href":"https:\/\/casmal.pt\/home\/wp-json\/wp\/v2\/media?parent=2"}],"curies":[{"name":"wp","href":"https:\/\/api.w.org\/{rel}","templated":true}]}}